{"id":280,"date":"2019-09-06T17:00:45","date_gmt":"2019-09-06T15:00:45","guid":{"rendered":"http:\/\/wordpre.physiotherapiebern.ch\/?page_id=280"},"modified":"2020-09-01T15:00:00","modified_gmt":"2020-09-01T13:00:00","slug":"medizinische-trainingstherapie-mtt","status":"publish","type":"page","link":"https:\/\/www.physiotherapiebern.ch\/index.php\/training\/medizinische-trainingstherapie-mtt\/","title":{"rendered":"Medizinische Trainingstherapie (MTT)"},"content":{"rendered":"\t\t<div data-elementor-type=\"wp-post\" data-elementor-id=\"280\" class=\"elementor elementor-280\">\n\t\t\t\t\t\t<section class=\"elementor-section elementor-top-section elementor-element elementor-element-565251c elementor-section-boxed elementor-section-height-default elementor-section-height-default\" data-id=\"565251c\" data-element_type=\"section\" data-e-type=\"section\">\n\t\t\t\t\t\t<div class=\"elementor-container elementor-column-gap-default\">\n\t\t\t\t\t<div class=\"elementor-column elementor-col-100 elementor-top-column elementor-element elementor-element-9678a2b\" data-id=\"9678a2b\" data-element_type=\"column\" data-e-type=\"column\">\n\t\t\t<div class=\"elementor-widget-wrap elementor-element-populated\">\n\t\t\t\t\t\t<div class=\"elementor-element elementor-element-bfa1c39 elementor-widget elementor-widget-image\" data-id=\"bfa1c39\" data-element_type=\"widget\" data-e-type=\"widget\" data-widget_type=\"image.default\">\n\t\t\t\t<div class=\"elementor-widget-container\">\n\t\t\t\t\t\t\t\t\t\t\t\t\t\t\t<img fetchpriority=\"high\" decoding=\"async\" width=\"1024\" height=\"531\" src=\"https:\/\/www.physiotherapiebern.ch\/wp-content\/uploads\/2019\/12\/Gym_Fit_Ger\u00e4te1-1024x531.jpg\" class=\"attachment-large size-large wp-image-1492\" alt=\"\" srcset=\"https:\/\/www.physiotherapiebern.ch\/wp-content\/uploads\/2019\/12\/Gym_Fit_Ger\u00e4te1-1024x531.jpg 1024w, https:\/\/www.physiotherapiebern.ch\/wp-content\/uploads\/2019\/12\/Gym_Fit_Ger\u00e4te1-300x156.jpg 300w, https:\/\/www.physiotherapiebern.ch\/wp-content\/uploads\/2019\/12\/Gym_Fit_Ger\u00e4te1-768x398.jpg 768w\" sizes=\"(max-width: 1024px) 100vw, 1024px\" \/>\t\t\t\t\t\t\t\t\t\t\t\t\t\t\t<\/div>\n\t\t\t\t<\/div>\n\t\t\t\t<div class=\"elementor-element elementor-element-c09850d elementor-widget elementor-widget-heading\" data-id=\"c09850d\" data-element_type=\"widget\" data-e-type=\"widget\" data-widget_type=\"heading.default\">\n\t\t\t\t<div class=\"elementor-widget-container\">\n\t\t\t\t\t<h2 class=\"elementor-heading-title elementor-size-default\"><h2>Medizinische Trainingstherapie (MTT)\n\n<\/h2>\t\t\t\t<\/div>\n\t\t\t\t<\/div>\n\t\t\t\t<div class=\"elementor-element elementor-element-7b1a84b elementor-widget elementor-widget-text-editor\" data-id=\"7b1a84b\" data-element_type=\"widget\" data-e-type=\"widget\" data-widget_type=\"text-editor.default\">\n\t\t\t\t<div class=\"elementor-widget-container\">\n\t\t\t\t\t\t\t\t\t<p class=\"pfi\">Unsere Gesundheit h\u00e4ngt vom Zustand der Muskulatur ab. Wussten Sie, dass Sie ab dem 25. Lebensjahr durchschnittlich 30-40% an Muskelmasse verlieren, wenn Sie nichts dagegen unternehmen?\nMuskeln bestimmen Ihre Haltung, Ihre Figur und Ihr Leistungsverm\u00f6gen, haben zudem noch eine sch\u00fctzende Funktion f\u00fcr Gelenke und Wirbels\u00e4ule, regen den Stoffwechsel an und f\u00f6rdern das Knochenwachstum.\n\nKraft bedeutet somit auch Lebensqualit\u00e4t.Mit gezielten Kraft\u00fcbungen an Ger\u00e4ten oder Freihanteln schaffen Sie sich einen kraftvollen K\u00f6rper und erhalten sich Beweglichkeit und Leichtigkeit. Somit bleibt Ihnen die Leistungsf\u00e4higkeit im Beruf, Alltag oder Sport. Schmerzen durch Wirbels\u00e4ulenerkrankungen, postoperative Beschwerden und chronische Gelenkerkrankungen k\u00f6nnen durch Hilfe zur Selbsthilfe reduziert werden bis hin zur schmerzfreien vollst\u00e4ndigen Wiederherstellung.\nNach der Erfassung muskul\u00e4rer Defizite und Gelenkfunktionsst\u00f6rungen und unter Ber\u00fccksichtigung der ganzheitlichen Betrachtungsweise des Krankheitsbildes erfolgt die Erstellung eines auf Ihre aktuelle pers\u00f6nliche Situation angepassten \u00dcbungsprogramms.\n\n<\/p>\n<p class=\"litt\"><b>Ziele:<\/b><\/p>\n\n<ul class=\"litx\" style=\"color: black;\">\n \t<li>Verminderung von Muskelatrophien und Wiederherstellung der Gelenkfunktion<\/li>\n \t<li>Optimierung der physiologischen Bewegungsmuster<\/li>\n \t<li>Verbesserung der Stabilit\u00e4t und Sicherheit im Alltag<\/li>\n \t<li>Wiederherstellen der vollen Leistungsf\u00e4higkeit<\/li>\n \t<li>Alltags-, Arbeits-, und Sportartspezifische Wiedereingliederung<\/li>\n \t<li>Vorbeugung verletzungsbedingter Folgeerscheinungen<\/li>\n<\/ul>\n&nbsp;\n<p class=\"litt\"><b>Leistungen:<\/b><\/p>\n\n<ul class=\"litx\" style=\"color: black;\">\n \t<li>Schulung der K\u00f6rperwahrnehmung<\/li>\n \t<li>Beweglichkeitstraining als Grundlage der physiologischen Gelenkfunktion<\/li>\n \t<li>Medizinisches Muskelaufbautraining mittels Gro\u00df- und Kleinger\u00e4ten<\/li>\n \t<li>Koordinationstraining unter Nutzung instabiler und labiler Kleinger\u00e4te<\/li>\n \t<li>Vermitteln gelenkschonenden Verhaltens<\/li>\n \t<li>Alltagsberatung<\/li>\n \t<li>Sportartspezifisches Training<\/li>\n \t<li>Erg\u00e4nzung des Trainings von Leistungssportlern<\/li>\n<\/ul>\n<p class=\"pfi\"><b style=\"line-height: 2;\">MTT Kosten<\/b><br><\/p><p class=\"pfi\" style=\"margin-top: -2%\">\nDas Angebot ist eine Leistungserweiterung der Physiotherapie. Die Kosten werden durch die Versicherung (Krankenkasse \/ UVG) nur im Sinne von einer Rehabilitation \u00fcbernommen.<\/p>\t\t\t\t\t\t\t\t<\/div>\n\t\t\t\t<\/div>\n\t\t\t\t\t<\/div>\n\t\t<\/div>\n\t\t\t\t\t<\/div>\n\t\t<\/section>\n\t\t\t\t<\/div>\n\t\t","protected":false},"excerpt":{"rendered":"<p>Medizinische Trainingstherapie (MTT) Unsere Gesundheit h\u00e4ngt vom Zustand der Muskulatur ab. Wussten Sie, dass Sie ab dem 25. Lebensjahr durchschnittlich 30-40% an Muskelmasse verlieren, wenn Sie nichts dagegen unternehmen? Muskeln bestimmen Ihre Haltung, Ihre Figur und Ihr Leistungsverm\u00f6gen, haben zudem noch eine sch\u00fctzende Funktion f\u00fcr Gelenke und Wirbels\u00e4ule, regen den Stoffwechsel an und f\u00f6rdern das &#8230; <a title=\"Medizinische Trainingstherapie (MTT)\" class=\"read-more\" href=\"https:\/\/www.physiotherapiebern.ch\/index.php\/training\/medizinische-trainingstherapie-mtt\/\" aria-label=\"More on Medizinische Trainingstherapie (MTT)\">Read more<\/a><\/p>\n","protected":false},"author":1,"featured_media":0,"parent":43,"menu_order":0,"comment_status":"closed","ping_status":"closed","template":"elementor_header_footer","meta":{"footnotes":""},"class_list":["post-280","page","type-page","status-publish"],"_links":{"self":[{"href":"https:\/\/www.physiotherapiebern.ch\/index.php\/wp-json\/wp\/v2\/pages\/280","targetHints":{"allow":["GET"]}}],"collection":[{"href":"https:\/\/www.physiotherapiebern.ch\/index.php\/wp-json\/wp\/v2\/pages"}],"about":[{"href":"https:\/\/www.physiotherapiebern.ch\/index.php\/wp-json\/wp\/v2\/types\/page"}],"author":[{"embeddable":true,"href":"https:\/\/www.physiotherapiebern.ch\/index.php\/wp-json\/wp\/v2\/users\/1"}],"replies":[{"embeddable":true,"href":"https:\/\/www.physiotherapiebern.ch\/index.php\/wp-json\/wp\/v2\/comments?post=280"}],"version-history":[{"count":34,"href":"https:\/\/www.physiotherapiebern.ch\/index.php\/wp-json\/wp\/v2\/pages\/280\/revisions"}],"predecessor-version":[{"id":2791,"href":"https:\/\/www.physiotherapiebern.ch\/index.php\/wp-json\/wp\/v2\/pages\/280\/revisions\/2791"}],"up":[{"embeddable":true,"href":"https:\/\/www.physiotherapiebern.ch\/index.php\/wp-json\/wp\/v2\/pages\/43"}],"wp:attachment":[{"href":"https:\/\/www.physiotherapiebern.ch\/index.php\/wp-json\/wp\/v2\/media?parent=280"}],"curies":[{"name":"wp","href":"https:\/\/api.w.org\/{rel}","templated":true}]}}